 Let r be n(d). Suppose t + 0*t - 2463 = -r*u, -u + 821 = -5*t. Is u a composite number?
False
Suppose 49*c = 50*c - 6. Suppose c*d = 2*d - 5*i + 15203, 3*d = 3*i + 11382. Is d a composite number?
False
Let m be 0/(-4 - (3 - 11)). Suppose 5*v - v + 4*d - 64 = m, 47 = 3*v + 2*d. Suppose 5*q = v, -2*b + 482 = 4*q - 1976. Is b composite?
False
Suppose 0 = 9*m - 1288 - 1619. Let f = 501 - 715. Let p = m + f. Is p a prime number?
True
Suppose 3*y - 4*x + 11348 = 0, 2*y - 3*x = -5*x - 7584. Let h = 9349 + y. Is h prime?
False
Let g = 225 + -225. Suppose 8*y - 5714 - 1446 = g. Is y prime?
False
Let w(u) = -41*u + 593. Is w(-8) composite?
True
Is 1437*10959/45 + (-3 - 13/(-5)) prime?
False
Let n = 3267 - 1789. Is (n/4)/((-4)/(-24)) a composite number?
True
Is (67077984/45 + 1 - (-32)/240) + 4 composite?
False
Suppose -5*g = -30, g + 580129 = -1484*b + 1489*b. Is b a prime number?
True
Let s(i) = -2*i**3 - 21*i**2 + 12*i + 13. Let h be s(-11). Suppose -3*r + 2*v = -1 - 3, 10 = 4*r + h*v. Let x(j) = 31*j**2 + j + 1. Is x(r) prime?
True
Let i be -12*12/120*100/(-3). Let b be (-1)/(-2*(-2)/76). Let p = i - b. Is p a prime number?
True
Is (5 + -9 + -1)*(5 + -3 - 69075) a prime number?
False
Let d(m) = -m**2 + 3*m. Let f be d(2). Suppose -5*y = -5*i - 17 + f, 2*i + 2 = y. Suppose -2*q = 4*h - 314, -y*h = -0*h + 8. Is q a composite number?
True
Is 19745 + (9 - (16 + 5)) a prime number?
False
Is -2 + 10949574/45 - 210/(-1575) composite?
True
Let m(b) = 9*b**2 + 99*b - 145. Is m(-103) prime?
False
Is 33292/(-861)*(-13749)/4 a prime number?
False
Let h = -169503 + 807674. Is h a composite number?
False
Suppose 117*x - 199516 - 3947 = 0. Is x prime?
False
Suppose -5*a + 3*p + 286957 = 0, -4*a + 2*p = -3*p - 229576. Is a composite?
False
Let c be (-3)/(26/117 - (-59)/(-144)). Let l(k) = k**3 - 10*k**2 - 16*k - 79. Is l(c) a prime number?
True
Let l be (-69)/46 - 1/2. Let z(f) = 4911*f**2 - 11*f - 5. Is z(l) prime?
True
Let z(h) = 33*h**2 - 21*h - 65. Let r(y) be the first derivative of 16*y**3/3 - 11*y**2/2 - 33*y + 13. Let o(b) = -5*r(b) + 3*z(b). Is o(-5) prime?
False
Let l(v) = -1525*v - 8381. Is l(-28) a prime number?
True
Suppose -i = 5*n - 164910 - 7974, n + i - 34576 = 0. Is n composite?
True
Let a(x) = x**2 + 5*x - 55. Let d = -71 - -99. Suppose -y - 2*w + 3 = d, 3*y + 59 = -2*w. Is a(y) prime?
True
Suppose -5*m = 2*q - 58533, -18 = 2*m - 16. Is q a composite number?
False
Suppose -160703 = -f - 2*w, 34*w - 30*w = -4*f + 642816. Is f prime?
False
Let o(k) = 452*k + 12. Let q be o(-6). Let t be (-1879)/3*(-11 - -14). Let r = t - q. Is r a prime number?
True
Let h be 2/3 + 124/12. Let n(u) = u + 23*u**2 - u - 3*u + h. Is n(9) composite?
False
Let y(h) = h**2 - 9*h - 24. Let r be y(12). Suppose l - 3 = 2*v - r, 3*v + 19 = -5*l. Suppose -3*u - 6 = -0*u, v*u + 3265 = 3*o. Is o a composite number?
False
Let s(a) = -3517*a - 978. Is s(-16) composite?
True
Suppose -g = -8 + 5. Suppose 6505 = g*n - 3203. Suppose -5*x = -w + 377 - n, 0 = 4*x - 2*w - 2292. Is x a prime number?
True
Let h(k) = 171*k**2 + 633*k + 25. Is h(-22) prime?
True
Let w(x) = -x**3 + 23*x**2 - 2. Suppose -4*z = -2*r - 90, 0*z - 110 = -5*z + 5*r. Let j be w(z). Is 1040 - (11/(11/(-6)))/j a composite number?
True
Let c = 71 + -63. Suppose -c*a = -5 - 3. Is 145*a*(-87)/(-15) composite?
True
Suppose 0 = -5*s - 3*u + 10750, 0*u + 6439 = 3*s + 4*u. Is s a composite number?
False
Let i(v) = 3*v**2 - 5*v + 21. Let o(p) = -p + 1. Let q(r) = i(r) + 2*o(r). Is q(13) prime?
True
Let w(u) be the third derivative of 13*u**4/12 + 5*u**3/6 - u**2. Suppose 33*l = 15*l - 24*l + 504. Is w(l) a prime number?
True
Suppose -9*d = -7*d - 1780. Suppose 4*n + 5*v = 3460, -2*v + 3435 = 5*n - d. Is (72/(-20) + 4)*n prime?
False
Let i be ((-2)/6)/((-2)/24)*16. Suppose 4*j = 4*w - i, -3*w = -5*j - 5*w - 94. Is 3/j - 15655/(-6) a prime number?
True
Is (323/3*-3)/(0 - -2 - 3) a prime number?
False
Let g = 62360 - -26361. Is g a prime number?
True
Suppose -19*x = -354777 - 281286. Is x a prime number?
False
Let i = -51673 + 105416. Is i composite?
True
Suppose -15*o = -37*o + 178772. Suppose o = 2*q + l - 6523, 0 = -5*q - l + 36630. Is q a prime number?
False
Suppose 6691*k = 6699*k - 328088. Is k prime?
True
Let o(t) = 180*t**2 + 67*t + 68. Is o(-7) a composite number?
False
Let b be (-3 - -3)/(-2 - -3). Suppose -5*w - 3*r = -b*r - 24536, 3*r = 4*w - 19645. Suppose -4*p + w - 1281 = 0. Is p composite?
False
Suppose -1953509 = -5*w + 2*d, -22*w + 3*d = -18*w - 1562803. Is w a composite number?
False
Let l(h) = 34*h**2 - 5*h + 45. Let y be l(-20). Let k = 22902 - y. Is k a composite number?
False
Let t(w) = 6481*w - 9. Let i = 242 - 240. Is t(i) a composite number?
False
Let k(i) = 460*i**2 + 3*i + 2. Let d = -263 + 266. Is k(d) a prime number?
False
Suppose -23636 = 5*g - f - 300830, -2*g = 5*f - 110883. Is g composite?
False
Let v(t) = 12*t**3 - 8*t**2 + 7*t - 3. Let l be v(5). Let i be 432/(-80) - -6 - (-3)/(-5). Suppose k + 479 - l = i. Is k prime?
True
Suppose 5*a + h = -0*h - 183, -33 = a - h. Let n = -33 - a. Is 497 + 2/(-2) + n composite?
False
Let u(r) = -25*r + 22*r + 2 + 1 - 2930*r**3 - 5. Let s be u(-1). Suppose s = 2*v + 649. Is v a prime number?
False
Suppose 4*h = -1574*b + 1571*b + 185327, 0 = -2*h - 2. Is b composite?
True
Suppose -2*g - 1 = -4*a + 5, -15 = -2*a - 3*g. Is (-1 + 10/(-5))*(-641)/a composite?
False
Suppose -3*w - 62*n = -66*n - 33709, n = -2*w + 22480. Is w a composite number?
False
Let q(j) = -62085*j - 6914. Is q(-7) a composite number?
False
Let y(b) = -36*b - 3*b**2 + 8*b**2 - 32 - 42*b - 30 + 20*b. Is y(43) composite?
False
Let a(z) = 22*z**2 + 22*z - 5. Let k be a(5). Suppose 5*x - 335 = -2*w, -4*x = -4*w - 9*x + k. Is (-3)/(-8) - (-254180)/w a composite number?
True
Let c(k) be the second derivative of -104*k**3/3 - 7*k**2/2 + 3*k. Let j(p) = -416*p - 13. Let n(d) = -5*c(d) + 2*j(d). Is n(8) a prime number?
False
Let u(d) be the second derivative of d**5/20 + 7*d**4/6 - 8*d**3/3 - 7*d**2 - 7*d. Let m be u(-15). Is -2 + (112 - 2) + m prime?
True
Let a(j) = 1 + 15565*j**2 - 12215*j**2 - 2 - 2*j. Is a(-1) prime?
False
Let m(h) be the second derivative of -9*h - 13/2*h**2 + 22/3*h**3 + 0. Is m(7) prime?
False
Suppose 68*l = 728760 + 2656484. Is l composite?
False
Let t(b) = -29*b**3 + 15*b**2 - 51*b - 1. Let z(f) = f**3 + f**2 - f. Let a(c) = -t(c) + 5*z(c). Is a(6) a composite number?
True
Let a(l) = 29*l + 7529. Let y be a(0). Let g = 57936 + -24022. Suppose -15*u - y = -g. Is u a prime number?
True
Let r = 23349 + 320024. Is r prime?
True
Let t = 121788 + -17455. Is t a composite number?
True
Suppose -3*n = -7*n + 60. Let w(c) = -3*c**2 - 21*c + 9. Let l(p) = p**2 - 1. Let j(b) = -4*l(b) - w(b). Is j(n) a composite number?
True
Let m(d) be the third derivative of -32*d**2 - 1/120*d**6 + 0 + 37/6*d**3 - 19/24*d**4 + 0*d - 19/60*d**5. Is m(-18) composite?
True
Let r(w) = w**3 - 7*w**2 + 10*w - 20. Let n be r(6). Suppose 0 = d - 16*j + 21*j - 22284, 4*d + n*j = 89152. Is d composite?
True
Let z(p) = -29*p + 3289. Let k be z(114). Let q(o) be the first derivative of -o**4/4 - 4*o**3 - o**2/2 + 15*o + 1. Is q(k) composite?
True
Is 147954 + (4 - (-5 - -2)) a composite number?
True
Let z = -18 + 6. Is 89*99 + z/(-6) prime?
False
Suppose p = -1, -6*y + 3*y - 3*p = -219. Let q = y - -185. Is q a prime number?
False
Let w(i) = 2*i + 12. Let b be w(-3). Let m(g) = -2*g - 1. Let f be m(b). Is (f - -11)/((-2)/401) a prime number?
True
Suppose -27*f = -315609 - 326694. Is f prime?
True
Suppose -3*o + 9*h = -155274, 155232 = 3*o + 12*h - 7*h. Is o a prime number?
True
Is ((3/15)/(1 + -2))/((-36)/3045780) composite?
False
Suppose -15*i - 6*i + 10353 = 0. Let j = i + 210. Is j composite?
True
Suppose 0 - 6 = 4*x + f, 8 = 2*x - 5*f. Let b(m) = -21*m**3 - m**2 - m + 1. Let k be b(x). Suppose -15*l = -k*l + 1883. Is l a composite number?
False
Let a be 0 + -31 + 2 + 65/13. Is a/(-8) + (5428 - 2) a composite number?
True
Let d(j) = -7*j - 6. Let r = 35 - 31. Suppose 3*m + 9 = -3*s, r*m + 4*s + 20 = 2*s. Is d(m) composite?
False
Suppose 0 = 2*j - 5*c - 25979, 2*c + 25994 = 2*j - 0*c. Is 1*j + (8 - 2)/(-6) a composite number?
False
Let k be 8/6 - ((-620660)/(-6))/(-5). Suppose v = -5*o + 6888, -5*v + 2*o - k